False
Is (30/(-45)*281)/(4/(-12) + 0) a composite number?
True
Suppose 4*o - 48 + 20 = 0. Suppose o*s - 10102 = 5*s. Is s a prime number?
True
Let c(d) = 766*d**2 - 807*d + 2426. Is c(3) a composite number?
False
Let k(n) = -n**3 + 6*n**2 + 2*n + 4. Let x be k(5). Suppose 5*m = x - 29. Suppose 0 = -5*h - m*d + 2411, -6 = 2*d - 4*d. Is h composite?
True
Suppose -4*z + 102 = 2*x - 242, 3*x = -5*z + 431. Let r = 87 - z. Suppose -3*f = r*c - 2649, -2*c - c = 4*f - 3532. Is f prime?
True
Let i(q) = 603*q + 78. Let z be i(11). Suppose 256 - z = -3*g + 2*h, 5*g - h - 10763 = 0. Is g a prime number?
True
Suppose 4 = -h, 24721 = m + h + 5080. Suppose -4*o = 3*b + b - 19640, o = 4*b - m. Is b prime?
False
Let u(r) = -4*r + 30. Let v be u(-5). Suppose -5*h = -h, -5*x = 2*h + v. Is ((-38945)/x)/(4/8) composite?
False
Suppose 4*v - 6 = s - 2, -5*v = -2*s - 8. Let a be s + ((-2)/13 - 3968/(-104)). Let o = 441 - a. Is o a composite number?
True
Let f = 9 + -7. Suppose 7*g - f*g + j - 7981 = 0, 4*g = 5*j + 6408. Is g composite?
False
Let v = -42 - -49. Let x be 2/v + 160/28. Suppose -x*f + 4554 = -2*f + 2*z, -5*z + 4539 = 4*f. Is f composite?
True
Let r(c) = 264088*c - 879. Is r(2) prime?
False
Let q(f) = -3*f - 29. Let n be q(-11). Suppose -2*b + 2*z = 3*b - 25643, n*b - 20517 = -z. Is b a composite number?
True
Suppose 0 = -6*t + 17*t - 110. Let g(x) = -t - 507*x - 490*x + 2. Is g(-1) a composite number?
True
Let s(i) = -i**2 + 1. Let l(y) = -29*y**2 - 2*y - 8. Let g(p) = l(p) + 2*s(p). Let k be g(-4). Let b = k - -1135. Is b a composite number?
False
Let a(y) = -y**3 - 4*y**2 + 1. Let b be a(-4). Suppose -3*r - 5*n = 10, -1 = 5*r - n - 3. Is (r + b*-1)/(25/(-37475)) prime?
True
Let j(i) = -6*i - 3. Let o be j(-1). Is (o + 6/12)/((-1)/(-5578)) composite?
True
Let c(v) = 5112*v**2 - 11*v - 109. Is c(10) a composite number?
True
Suppose -4*i = -5*w - 8*i + 250, i = 5*w - 250. Is -6 + -74*w/(-4) a prime number?
True
Let x(g) be the third derivative of -g**4/8 - 25*g**3/6 - 15*g**2. Let w be x(-12). Suppose 15*k - w*k = 284. Is k prime?
True
Suppose 2*x + x - 9 = -3*j, -2*x = -3*j + 9. Suppose -8*i + 23811 + 19445 = x. Is i prime?
True
Is 1*-22*(-4 - (-7011)/(-18)) composite?
True
Let i(g) = -6*g**3 + 9*g**2 + 11*g + 14. Let t be i(-6). Suppose -6*o - t = -14846. Is o a prime number?
True
Let x(k) = -35443*k + 5. Is x(-8) a prime number?
False
Let g = -318495 - -498518. Is g composite?
False
Suppose -5*h - 3*j = -162338, -h = 4*j - 10263 - 22208. Is h prime?
True
Let r(n) = -n**2 + n. Let u be r(1). Suppose 5*a + u*a = 360. Suppose -762 = -6*q - a. Is q composite?
True
Suppose 49 = -5*t + 9. Let h(r) = r**2 + 8*r + 11. Let f be h(t). Suppose f*w = -17 + 666. Is w prime?
True
Let i = -45 - -47. Suppose j - 11 = -3*k, -4*k = -4*j - i*k + 16. Suppose -3*a + 489 = -4*z, 4*a + 6*z - j*z - 633 = 0. Is a a composite number?
True
Suppose -32*i = -17*i - 656430. Let r = -14541 + i. Is r a composite number?
False
Suppose -l + 6 = y, -5*y - 1 = -3*l + 1. Suppose 2*n - 4*n + y*x + 5446 = 0, 5*x - 13575 = -5*n. Is n a prime number?
True
Let k(r) = -2*r + 61. Let t be k(13). Let m = t + 34. Is m prime?
False
Is (42/84)/(15/(-1368294))*(-5 + 0) prime?
True
Suppose -5*m - 2*w = -1726547, 5*m + 52*w = 53*w + 1726529. Is m prime?
True
Let l(z) = 538*z**2 - z + 1. Let t(w) = 1076*w**2 - 2*w + 1. Let m(x) = -11*l(x) + 6*t(x). Is m(-2) a composite number?
True
Suppose 0 = 3*z - 2*g - 254087, 5*z - 189967 - 233508 = 5*g. Is z composite?
False
Let r be 0/3 - -3 - 2175. Let t be 2/8 - r/(-48). Is (3/(-2))/(t/1590) a prime number?
True
Suppose -11*z + 6*z = h - 1903770, -h = -3*z + 1142254. Is z prime?
True
Suppose u - 5*m - 529025 = -216463, -2*m + 937567 = 3*u. Is u composite?
False
Let b(z) = 2*z**2 + 9*z - 19. Let d be (-12)/(-9)*(6/4 + 0). Suppose -2*r - 17 = -g + 24, -r = -d*g + 16. Is b(r) a composite number?
False
Let q = 26486 + -14829. Is q composite?
False
Let r = 86118 + -36561. Is r a composite number?
True
Let u = 148 - 146. Is 105780/124 + u/(-31) prime?
True
Let i(g) = -24*g**3 - 1. Suppose 3*y - 3*n = -144, 5*y + 4*n = -138 - 84. Let s = y - -43. Is i(s) composite?
False
Let c(y) be the third derivative of y**5/10 + 2*y**4/3 - 13*y**3/6 + y**2. Suppose -8*n = 2*n - 110. Is c(n) prime?
False
Suppose -190974 = -26*l + 40*l - 1206436. Is l a prime number?
True
Suppose p = -3*i - 28, i - 3*p = 4*i + 24. Let k(q) = 26*q**2 + 5*q - 37. Is k(i) a composite number?
True
Let u = -605 + 1109. Suppose 2*w + y = 5*y + 508, 2*w - u = 2*y. Suppose -3*v = -17 - w. Is v composite?
False
Suppose -641*l + 640*l + 3*r + 233101 = 0, -4*l = r - 932430. Is l a composite number?
True
Suppose z + 7*z = 2*z. Suppose -2*d + d + 4533 = z. Is d prime?
False
Let l = 2103 + 36800. Is l prime?
True
Let l = 179 + -175. Is ((-158945)/(-10) - l) + (-1)/(-2) a prime number?
False
Is (-1 - 4)*(14571996/(-60) + 0) composite?
False
Suppose -64*z = -60*z + 2*g - 375860, -5*z + 4*g + 469851 = 0. Is z prime?
True
Suppose -2*h = -4*d + 150523 + 690479, -4*d = 3*h - 841007. Is d composite?
True
Is ((12981/9)/1)/(1/3) composite?
False
Let y(g) = -g**2 - 15*g - 12. Let v be y(-14). Is -286*(-189)/6 + (v - 4) a composite number?
False
Suppose 11*l = -20*l + 39752 + 209891. Is l prime?
True
Let i be (546/69 - 8) + (-1026446)/(-23). Is ((-2)/6)/((-89260)/i - -2) a composite number?
False
Let u = 1331 - 1900. Let n = 1411 + u. Is n prime?
False
Let q = 124693 + 372184. Is q a composite number?
False
Let n(v) = 6*v + 36. Let r be n(-7). Let y be (16/r)/((-2)/3 - 0). Is 13954/14 + (40/35)/y prime?
True
Suppose 196469 + 36987 = 16*r. Is r a composite number?
False
Let a = 13100 - 7898. Let l = a - 2203. Is l prime?
True
Let f(u) = 41356*u**3 + 2*u**2 + u + 14. Is f(3) a prime number?
False
Let d(n) = -n**3 + 23*n**2 + 133*n + 50. Is d(-59) a composite number?
True
Suppose 584130 = 3*g - 10911. Is g a composite number?
False
Let b be (-1 - -2 - 3) + -2. Suppose -5*s - 13 = -3*y, -2*y - s - 8 = 4*s. Is (b - y)/(-5)*5873 a composite number?
True
Let n(l) = 25*l**3 + 29*l**3 + 27*l**3 + 13 + 4*l**2 + 12*l - 85*l**3. Is n(-8) composite?
False
Suppose x = -2*h + 30, -4*x + 2*h = 6 - 76. Is 2/(-10)*3 + 23032/x composite?
False
Suppose 7*c + 34 - 48 = 0. Suppose 10*u - 5 = 5*u, 0 = -c*n - 2*u + 13216. Is n prime?
True
Suppose -3*w - z = -2978, 6*w + 5*z - 4960 = w. Let g = -10 + w. Is g a prime number?
True
Let x be 4/(-10) + (-119)/(-35). Suppose -6*s = -21 - x. Suppose 3*a = -3, -s*a - 7752 = -3*w - w. Is w prime?
False
Suppose -851967 = -u - 5*a, 152*u - 5*a + 4259875 = 157*u. Is u composite?
True
Suppose -51 = -2*q - t, 2*q - 3*q + 4*t = -30. Suppose 2*x - q = -4*h, -x - 5*h = -3 - 1. Suppose 0 = x*f - 22*f + 1671. Is f a prime number?
True
Suppose 462309 = 37*i + 21380. Is i a composite number?
True
Suppose 7*x + 6 + 22 = 0. Is x/14 + (-80600)/(-56) + -1 prime?
False
Let t = 160676 + 13893. Is t a composite number?
False
Is ((-140)/20 + -49074)*4/(-2) a prime number?
False
Suppose 5*c - 3*q = 44, 15*c = 16*c - 2*q - 6. Suppose -9*d + c*d = 7427. Is d composite?
True
Is 18804/(-9)*(-34047)/156*1/3 prime?
False
Suppose 4*g - 3*o - 30194 = 4700, -3*g = 3*o - 26139. Is g a prime number?
True
Suppose -2*j - 4*r + 3*r = -121416, 0 = -4*r - 8. Is j prime?
False
Suppose -80*c + 84*c = -h + 937438, 2*c + 2*h - 468710 = 0. Is c composite?
False
Let m(x) be the first derivative of 118*x**3 - 11*x**2 - 63*x + 167. Is m(-8) prime?
True
Suppose 7*j - 107*j = -2263300. Is j a composite number?
True
Let r(p) = 4*p**3 - 40*p**2 - 32*p - 6. Let v be r(33). Is (-97)/(-194) + v/4 a composite number?
True
Suppose 22674792 + 5010930 = 258*z. Is z prime?
True
Suppose 20*j = 84 + 96. Is 19 - -1975 - (j - 2) a prime number?
True
Suppose 8*t = -4*t + 24. Suppose 10 = t*i, k - 5*i + 0*i - 1245 = 0. Suppose 2*o - k = 568. Is o a composite number?
False
Let t(f) = 34*f**2 - 7*f - 58. Let a(h) = -17*h**2 + 4*h + 29. Let n(z) = -7*a(z) - 4*t(z). Let d be n(12). Let u = d - -3588. Is u a prime number?
False
Let i(f) = 2*f**2 - 4*f - 4. Let r be i(-1). Is (881601/(-18))/(-7) + r/12 a prime number?
True
Let c = 1933 + -1089. Let n(s) = 92*s - 2 + 1 - c*s. Is n(-1) a composite number?
False
Let l(b) = -5211*b - 13609. Is l(-6) prime?
True
Let g = -1261